{"id":30,"date":"2026-02-11T18:36:31","date_gmt":"2026-02-11T18:36:31","guid":{"rendered":"https:\/\/ermax.tr\/?page_id=30"},"modified":"2026-04-28T11:41:27","modified_gmt":"2026-04-28T11:41:27","slug":"iletisim","status":"publish","type":"page","link":"https:\/\/giraslift.com.tr\/?page_id=30","title":{"rendered":"\u0130LET\u0130\u015e\u0130M"},"content":{"rendered":"\t\t<div data-elementor-type=\"wp-page\" data-elementor-id=\"30\" class=\"elementor elementor-30\">\n\t\t\t\t<div class=\"elementor-element elementor-element-8615fb7 e-flex e-con-boxed e-con e-parent\" data-id=\"8615fb7\" data-element_type=\"container\" data-e-type=\"container\">\n\t\t\t\t\t<div class=\"e-con-inner\">\n\t\t\t\t<div class=\"elementor-element elementor-element-e738f84 elementor-widget elementor-widget-text-editor\" data-id=\"e738f84\" data-element_type=\"widget\" data-e-type=\"widget\" data-widget_type=\"text-editor.default\">\n\t\t\t\t\t\t\t\t\t<figure class=\"wp-block-pullquote has-text-align-left\">\n<blockquote>\n<h5><em>&#8221; Anlamad\u0131\u011f\u0131m bir dilde benimle en b\u00fcy\u00fck hikmetleri bile payla\u015fsan\u0131z, benim i\u00e7in bir anlam\u0131 yoktur, anlam veremem.&#8221;<\/em><\/h5>\n<\/blockquote>\n<\/figure>\n<p><!-- \/wp:pullquote --><\/p>\n<p><!-- wp:heading --><\/p>\n<h2 class=\"wp-block-heading\"><img decoding=\"async\" class=\"wp-image-79 alignleft\" src=\"https:\/\/giraslift.com.tr\/wp-content\/uploads\/2026\/03\/giras-lift-logo-266x300.jpg\" alt=\"\" width=\"109\" height=\"123\" srcset=\"https:\/\/giraslift.com.tr\/wp-content\/uploads\/2026\/03\/giras-lift-logo-266x300.jpg 266w, https:\/\/giraslift.com.tr\/wp-content\/uploads\/2026\/03\/giras-lift-logo.jpg 659w\" sizes=\"(max-width: 109px) 100vw, 109px\" \/>\u00a0<\/h2>\n<h3 class=\"wp-block-heading\">G\u0130RASLIFT ASANS\u00d6R<\/h3>\n<p><!-- \/wp:heading --><\/p>\n<p><!-- wp:paragraph --><\/p>\n<p><strong>Adres:<\/strong> Ostim OSB Mah. 1213. Cadde No:1\/6 &#8211; Yenimahalle \/ ANKARA<\/p>\n<p><strong>Telefon:<\/strong> +90 530 897 3743<\/p>\n<p><strong>E-mail:<\/strong> info@giraslift.com.tr<\/p>\n<p><strong>E mail:<\/strong> giras.lift@gmail.com<\/p>\n<p><!-- \/wp:paragraph --><\/p>\n<p><!-- wp:paragraph --><\/p>\n<p><!-- \/wp:paragraph --><\/p>\t\t\t\t\t\t\t\t<\/div>\n\t\t\t\t<div class=\"elementor-element elementor-element-1d80bb9 elementor-widget elementor-widget-text-editor\" data-id=\"1d80bb9\" data-element_type=\"widget\" data-e-type=\"widget\" data-widget_type=\"text-editor.default\">\n\t\t\t\t\t\t\t\t\t<p><iframe style=\"border: 0;\" src=\"https:\/\/www.google.com\/maps\/embed?pb=!1m18!1m12!1m3!1d914.6568638265055!2d32.73554506965299!3d39.97533442593661!2m3!1f0!2f0!3f0!3m2!1i1024!2i768!4f13.1!3m3!1m2!1s0x14d34914a375ea83%3A0xb70ee5866841d37d!2zR8SwUkFTTElGVCBBU0FOU8OWUg!5e1!3m2!1sen!2str!4v1775067429236!5m2!1sen!2str\" width=\"600\" height=\"450\" allowfullscreen=\"allowfullscreen\"><\/iframe><\/p>\t\t\t\t\t\t\t\t<\/div>\n\t\t\t\t\t<\/div>\n\t\t\t\t<\/div>\n\t\t\t\t<\/div>\n\t\t","protected":false},"excerpt":{"rendered":"<p>\u00a0 G\u0130RASLIFT ASANS\u00d6R Adres: Ostim OSB Mah. 1213. Cadde No:1\/6 &#8211; Yenimahalle \/ ANKARA Telefon: +90 530 897 3743 E-mail: info@giraslift.com.tr E mail: giras.lift@gmail.com<\/p>\n","protected":false},"author":1,"featured_media":0,"parent":0,"menu_order":4,"comment_status":"closed","ping_status":"closed","template":"","meta":{"saved_in_kubio":true,"footnotes":""},"class_list":["post-30","page","type-page","status-publish","hentry"],"kubio_ai_page_context":{"short_desc":"","purpose":"general"},"_links":{"self":[{"href":"https:\/\/giraslift.com.tr\/index.php?rest_route=\/wp\/v2\/pages\/30","targetHints":{"allow":["GET"]}}],"collection":[{"href":"https:\/\/giraslift.com.tr\/index.php?rest_route=\/wp\/v2\/pages"}],"about":[{"href":"https:\/\/giraslift.com.tr\/index.php?rest_route=\/wp\/v2\/types\/page"}],"author":[{"embeddable":true,"href":"https:\/\/giraslift.com.tr\/index.php?rest_route=\/wp\/v2\/users\/1"}],"replies":[{"embeddable":true,"href":"https:\/\/giraslift.com.tr\/index.php?rest_route=%2Fwp%2Fv2%2Fcomments&post=30"}],"version-history":[{"count":32,"href":"https:\/\/giraslift.com.tr\/index.php?rest_route=\/wp\/v2\/pages\/30\/revisions"}],"predecessor-version":[{"id":334,"href":"https:\/\/giraslift.com.tr\/index.php?rest_route=\/wp\/v2\/pages\/30\/revisions\/334"}],"wp:attachment":[{"href":"https:\/\/giraslift.com.tr\/index.php?rest_route=%2Fwp%2Fv2%2Fmedia&parent=30"}],"curies":[{"name":"wp","href":"https:\/\/api.w.org\/{rel}","templated":true}]}}